6
Let i(v) = -v + 15. Let j = 1 - -19. Let m = j - 13. Calculate i(m).
8
Suppose 2*y - 104 = -94. Let n(b) = -b**3 + 4*b**2 + 3*b + 5. Determine n(y).
-5
Let i(q) be the first derivative of 3*q**2/2 - 18*q - 3. Let k(n) = n - 6. Let u(s) = -2*i(s) + 7*k(s). Calculate u(6).
0
Suppose 3*r - 10 = 5*r. Let w = r - -8. Let k(c) = 3*c - 3*c - c**3 + 4*c**2 - 4. Calculate k(w).
5
Let b(z) be the third derivative of -z**5/120 + z**4/24 - z**3/6 + z**2. Let f(j) be the first derivative of b(j). Give f(1).
0
Let c(t) = 2*t + 7. Let w be c(-3). Let z(b) be the second derivative of -3*b**5/20 + b**4/12 - b**2/2 + 2*b. Determine z(w).
-3
Suppose 0 = f - 0*h + 2*h - 5, -15 = -3*f - h. Let b(u) be the first derivative of u**4/4 - 5*u**3/3 + u**2 - 5*u + 2. Calculate b(f).
5
Let v(b) be the third derivative of 1/24*b**4 - 1/6*b**3 + 2*b**2 + 0 + 0*b. Suppose 0 = -l + k - 3*k - 4, 3*l = 4*k + 28. Calculate v(l).
3
Let n(d) be the second derivative of 1/12*d**4 - 1/6*d**3 - 1/20*d**5 + 0 + 2*d**2 + 4*d. Suppose -3*t + 4*t = 0. Give n(t).
4
Let h = 14 + -10. Let o(u) = -2*u + h + 0*u + 1 + 1. Determine o(4).
-2
Suppose -18 = -4*h - 2*a, 4*h = -4*a + 4 + 12. Let j(w) = -w**2 - h*w + w - 6 + 3*w. Let d = -7 - -7. Calculate j(d).
-6
Suppose -7*b - g - 10 = -2*b, -5*g = 0. Let k(y) = y**3 + 2*y**2 + y + 1. Determine k(b).
-1
Let r(j) = j**3 + 8*j**2 - j - 9. Let v(d) = -d**2 - 30*d - 89. Let u be v(-27). What is r(u)?
-1
Let m(d) be the second derivative of -d**5/20 + d**4/6 - d**2/2 - 21*d. Determine m(1).
0
Let s(x) = -3 + 3*x**2 - 2*x + 4 - 5*x**2. Let h be -3 + 5 - (-12 - 2). Suppose -h = 2*c + 3*j, 3*c + 5*j + 5 = -21. Determine s(c).
-3
Let q(r) = r**2 - 6*r - 4. Suppose 0 = 5*g - 33 + 8. Suppose -4*i + 10 = -g*m, -2*m = -i - 0*m + 1. What is q(i)?
-9
Let t(f) = -f**2 - 5*f - 2. Let m be -6*((-4)/3 + 2). Let h be t(m). Let n(d) = 5*d**h - 4*d + 0*d + 4 - 4*d**3 + 3*d**3. Calculate n(4).
4
Let n(a) = -a**2 + a + 4. Let h = -2 - -2. Suppose -4*w + 4*y = h, 5*y - 3 = 4*w + 2*y. What is n(w)?
-8
Let j(s) = s**2 - 5*s + 1. Let y be ((-4)/10)/(19/(-285)). Calculate j(y).
7
Let z(r) = -3*r**2 + 8*r - 7. Let i(j) = 7*j**2 - 17*j + 14. Let o(m) = -4*i(m) - 9*z(m). Let y be -1*(1 + -1) + 0. Let x be (1 + (y - 0))*-5. Give o(x).
2
Let j(k) be the first derivative of 5*k**2/2 - 2*k + 1. Let x = 5 - 7. Calculate j(x).
-12
Let i = 2 - -1. Let z(j) = -j**2 + j + 1. Let q(k) = -4*k**2 + 3*k - 1 + 3 + 1. Let l(b) = 2*q(b) - 9*z(b). What is l(i)?
-3
Let a(u) = -u - u - 2*u + 5*u - 1. Let g(o) = o**2 - o + 1. Let d(y) = y. Let s(b) = 2*d(b) + g(b). Let t be s(-1). Determine a(t).
0
Let x(k) be the second derivative of k**4/12 - k**3/2 - k**2 + 9*k. Calculate x(5).
8
Let z(r) = 11*r**2 - 2*r + 1. Suppose -w = -8*w + 7. Give z(w).
10
Let z be 2/((-5)/(5/2)). Let y = z + 4. Let m(n) = y*n**3 + 3 - 2 - 4*n**3. Give m(-1).
2
Let t(n) = -2*n - 3. Let v(x) = 3*x + 5. Let y(w) = -5*t(w) - 3*v(w). Let p be 5/(10/4) + 3. Suppose 0 - p = -g. Give y(g).
5
Let q(p) = p**3 + 4*p**2 - 5*p - 2. Let u(m) = m. Let a(g) = -q(g) - 5*u(g). Calculate a(-4).
2
Let r(g) be the third derivative of 5*g**4/24 - g**3/2 + 5*g**2. Let b = -1 - -3. What is r(b)?
7
Let t(y) = -4*y + 2. Let h = -36 - -38. Give t(h).
-6
Let j(d) be the third derivative of -d**8/10080 + d**7/2520 - d**6/720 - d**5/60 + 3*d**2. Let a(w) be the third derivative of j(w). Calculate a(1).
-1
Let p = 9 + -6. Let l(q) = -q**3 + q**2 + 2*q + 1. Let a be l(2). Let f(o) = -a + o - p*o - 6*o**2 - 4*o**2 + o**2. What is f(-1)?
-8
Let r(u) be the third derivative of u**6/120 + 11*u**2. What is r(1)?
1
Let r(w) = -49*w**2 + w - 5*w + w**3 + 52*w**2. Suppose 2*k + 12 = -2*k. Determine r(k).
12
Let z(d) = -d**2 + d. Let g be 1/(-4) - (-13)/4. Let u(t) = -t**2 + 4*t - 1. Let f be u(g). Let i = -4 + f. Determine z(i).
-6
Let u(k) = 2*k**2 + 2*k + 3. Let f(g) be the first derivative of g**3/3 + g**2/2 + g - 2. Let s(m) = 5*f(m) - 2*u(m). Give s(2).
5
Let g(a) be the first derivative of a**4/4 + a**3 - 2*a**2 - 4*a - 5. Determine g(-4).
-4
Let n(f) = -6*f + 1 - 3 - 2*f**2 + 3*f**2. Suppose 4*c + 1 = -35. Let h be (-2)/6 - 57/c. Calculate n(h).
-2
Let b(j) be the third derivative of -j**5/60 - 7*j**4/24 - j**3/3 + 6*j**2. Suppose 4*v = 2*n + 26, -6 = 2*n + 2*v - v. Give b(n).
8
Let s be -1 - (-1 + (-3)/(-3)). Let m be 1/(-1 - -2)*s. Let h(t) = -7*t**2. Give h(m).
-7
Let h = -14 + 21. Let p(r) = -3*r**3 - 2*r**3 + 4*r**3 - h*r**2 - 6*r - 6. Determine p(-6).
-6
Let p = 0 - 0. Let b(s) = -s**2 + 7*s - 7. Let u be b(5). Suppose -f + p*f = u. Let a(h) = -3*h - 4. Determine a(f).
5
Let p(i) = 2*i**2 + 3*i + 3. Let u(h) = h**3 - 6*h**2 - 5*h - 10. Let a be u(7). Suppose -4*t + a*l + 8 = 0, -3*l - 28 = 4*t + 2*l. Give p(t).
5
Suppose 3 = 3*c - 2*c, -12 = -n - 4*c. Let i(q) = -q**2 - 4. Determine i(n).
-4
Let w(r) be the first derivative of r**3/3 - 7*r**2/2 - 10*r - 14. What is w(7)?
-10
Let s be (5 + -4)/(2/(-10)). Suppose 19 = a + a - l, 5*a = -5*l + 40. Let f(p) = 0*p - a + 2*p - 3*p + 3. What is f(s)?
-1
Let f(z) = -5*z. Let q = -2 - -1. Give f(q).
5
Suppose -5*o - j + 20 = 0, -o - 5*j = -44 + 16. Let q(p) = -p**2 + p + 4. Determine q(o).
-2
Let h(b) be the second derivative of b**7/840 + b**6/360 + 5*b**4/24 - 5*b**3/6 - 4*b. Let f(t) be the second derivative of h(t). Calculate f(0).
5
Let v(t) = t**2 - t + 4. Let w be v(0). Suppose 0 = 4*r - 4*s - 16, -4*r - 5*s - 4 = 7. Let x(k) = 1 + r - 4 + 3*k - 2*k. What is x(w)?
2
Let z(p) be the third derivative of p**6/120 + 2*p**5/15 + p**4/12 - p**3/6 + 19*p**2. Give z(-8).
-17
Let q(h) be the third derivative of -h**4/8 - 7*h**2. Determine q(3).
-9
Let n(m) = -m**2 + 1. Let j(g) = -g**2 - 2*g - 4. Let l be j(-3). Suppose 0 = 5*c, 16 = -4*y + 3*c + 56. Let x = y + l. Calculate n(x).
-8
Let p be ((-4)/(-10))/(10/(-25)). Let j(z) = -9*z**3 - 4*z**2 - 3. Let y(m) = m**2 + 1. Let w(t) = j(t) + 3*y(t). Give w(p).
8
Let h(z) be the second derivative of 4*z**3/3 + 11*z. What is h(-2)?
-16
Let b(x) be the second derivative of -x**5/20 + x**4/12 - x. Let g(o) = 7*o. Let y be g(1). Suppose 5*l - 25 = 5*d, 3*l = y*l + 2*d - 2. Determine b(l).
-4
Suppose -2*u + 2 - 8 = 0. Let h = -11 - -16. Let y = h + u. Let r(k) = -k**2 + k + 1. Calculate r(y).
-1
Let x(n) = -4 - 7 + 0*n**2 + n**2 + 5. Give x(0).
-6
Let y(h) = -31*h + 11*h + 13*h + 8*h. Let f(l) = -l**2 + l. Suppose -4*b - 2 = 2*z, -2*z - b + 2 - 4 = 0. Let i be f(z). Give y(i).
-2
Let g(c) be the third derivative of c**6/120 + c**5/20 + c**4/12 - c**3/2 - 19*c**2. Calculate g(-3).
-9
Suppose 0*g - 2*t = -g + 1, -5*t - 30 = 3*g. Let i(a) = 8 - 3 + a**2 + 2 + 5*a. What is i(g)?
7
Let d(v) = -v. Let q(a) = a**3 - 6*a**2 + 8*a + 4. Let y(p) = 2*d(p) + q(p). Calculate y(5).
9
Let s(i) = i**2 - 2*i + 2. Let r(j) be the first derivative of j**2/2 - 2*j + 6. Let x be r(4). Calculate s(x).
2
Suppose -3*z + x + 2 = 0, -5*z + 6 + 4 = 5*x. Let c(p) be the third derivative of -p**5/30 + p**3/6 + 7*p**2. Give c(z).
-1
Suppose -d = 0, 6*d - 3*d - 15 = 5*w. Let o(s) = s**3 + 2*s**2 - 3*s + 1. Calculate o(w).
1
Let f = 0 + 0. Let t(i) = -i**2 + i - 5. What is t(f)?
-5
Let m(l) = 0*l**2 + 1 + 3*l**2 + l**2 - 2*l. Suppose -5*h - 3*z = -1, 4*h + 0*h - z - 11 = 0. Suppose 0 = 4*y + 8 + 8, 22 = h*o - 5*y. Give m(o).
3
Let w(q) = -q + 8. Let l be w(-7). Suppose -3*i - l - 10 = 2*x, i = -2*x - 15. Let g(k) = -k**3 - 6*k**2 - 4*k - 3. Determine g(x).
-8
Let g(o) = -o. Let s(b) = 6*b - 6. Let z(y) = 5*g(y) + s(y). Give z(5).
-1
Let y(k) = 2 + 93*k - 3 - 94*k. Determine y(2).
-3
Let s be (-15)/(-18)*(4 + 2). Let f(r) = r + 1. What is f(s)?
6
Let h(x) = -3*x**2 - x + 3*x**2 - x**3 - 5. Suppose -1017*z = -1011*z. Give h(z).
-5
Suppose 13 = 3*v + r, -3*r + 9 + 3 = 0. Let a(t) = -t**3 + 3*t**2 + 3*t. Calculate a(v).
9
Let n be (-2)/((-1)/1 - 1). Let v(a) = 9*a + 1. What is v(n)?
10
Let z(w) = -w**2 + 12*w - 15. Let g be z(11). Let u(p) = 2*p**2 + 6*p. Calculate u(g).
8
Let l(u) = u**3 - 4*u**2 - 5*u + 7. Suppose 0 = -a - 2 + 5. Let r be a/(2*(-3)/(-10)). Determine l(r).
7
Let s(i) = i - 1. Let b(h) = h**3 + h - 1. Let a(w) = -5*w**3 + w**2 - 4*w + 4. Let l(d) = a(d) + 4*b(d). Let q be l(0). Calculate s(q).
-1
Let g(s) = -s**3 - 2*s**2 - 2*s - 1. Let w(h) = -h**2 - 4*h + 1. Let r be w(-3). Let 